1648 + -1606))?
46
Calculate 5 + (8 - -3) + (-20 - (9 - 37)).
24
Evaluate -56 - (-77 + (65 - 42)).
-2
Evaluate (173 - 154) + 32 + 7 + -2.
56
47 - (-47 + 38 - (-2 - (-8 - -6 - -13)))
43
(57 - (75 - -1)) + -56
-75
Calculate 8 + (7 - (-11 - (-18 - -6))).
14
What is -46 - (-44 - -48 - 6)?
-44
What is the value of -2 - -83 - (-1995 - -2070)?
6
44 - (14 - (-48 - 68))
-86
What is (-1 - (31 + -1)) + (-5 - -7) + (424 - 415)?
-20
Evaluate 14 + 5 - 67 - (3 + (0 - 5) - 3).
-43
Evaluate 24 + (-4 - -1) + (371 - 377).
15
(-61 - (-3 - (-11 + -17))) + -1 + -3 + 11
-79
What is -1 + -13 + -4134 + 4210?
62
What is -94 + -30 + 77 + 2?
-45
What is 37 - 5 - (63 + -26 - 8)?
3
What is (1 - -22 - (20 - 9)) + 61?
73
What is (7 - (14 + -29)) + 10 - -24?
56
Calculate -8 + 10 + (-8 - -3) + (61 - 97).
-39
What is 6 + -1 + (9 - 16) + 15 + -1?
12
Evaluate (0 + -4 - (-55 - -23 - -24)) + 40.
44
What is the value of 74 + -17 - (285 - 112)?
-116
Calculate -30 + 52 + -1 + -7.
14
What is the value of -36 + (-52 + 94 - 31)?
-25
Calculate 91 + -39 - 68 - -1.
-15
Calculate -3 + (-64 - -3) + (-94 - -181) + -71.
-48
-6383 - -6333 - ((1 - -1) + 33)
-85
What is the value of (88 - 24) + -7 + -29?
28
What is -14 + (36 - (27 + -49)) + -7 + -1?
36
Calculate -145 + 145 + (1 - -5) - (-18 + 104).
-80
What is 20 - (-2 - -54 - 20)?
-12
What is 16 + -27 + -21 + (-14 - 15)?
-61
Calculate 72 - (-37 + (86 - 32)) - (-15 - -1).
69
Evaluate 74 - (30 - 21) - (8 - -6 - 5).
56
Evaluate (-70 - -21) + (18 - 2).
-33
Calculate -48 - (16 - (50 + -15)).
-29
What is -2 - (-1 + -2 - -1) - (-337 + 155 + 122)?
60
What is -15 + (24 - -1 - 20) + -27 + -3?
-40
Evaluate (-111 - -4) + (1346 - 1283).
-44
What is the value of -21 - (-47 + -9 + -1)?
36
What is (512 - 505) + -65 + (5 - (-7 + 2 - -7))?
-55
What is -16 + (-48 - -92 - 82)?
-54
4 + (2 - -21) + (-8 - 74)
-55
Calculate 36 + -42 + 1 - (2 - 46).
39
What is the value of (44 - (6 + 29)) + 19?
28
Evaluate 124 + -54 + (-15 - 2) + -5.
48
Calculate -52 - (166 + -155 + (-19 - 0 - 2)).
-42
Evaluate -21 - (29 - 76 - -61).
-35
What is 170 - (181 + 19) - (-3 - -2)?
-29
What is (25 + 15 - 10) + -27 + 43 + -5 + 1?
42
Evaluate 36 + -53 + 3 + -100 + 2 - (3 + 11).
-126
What is 119 - (132 + (-88 - 1))?
76
What is -14227 + 14310 - (-1 - -102)?
-18
What is -3 + 41 - (-15 - (24 - -7 - 52))?
32
What is the value of (31 + -61 - 9 - -32) + 105?
98
-4 + 4 + (5 + -7 - 2 - 3) + 5
-2
Evaluate (-105 - -223 - 84) + -91.
-57
What is the value of -19 - (9 + -20) - -26 - 8?
10
(1 - 0) + -22 - (13 + (21 - (7 + 26)))
-22
-6 - 0 - (((-1 - -12) + -16 - 4) + -37)
40
Calculate 8 + 4 + -6 + 3 + (-2 - 4).
3
What is the value of -80 - -8 - -91 - 27?
-8
Calculate (-1 + 2 + (97 - 0) - (50196 + -50189)) + -9.
82
1 + -98 - (-31 - 6 - 33 - -45)
-72
What is (3 + 3 - -10) + 13 + 32 + -22?
39
Evaluate 20 - (0 + 8 - (26 + -13 - 90)).
-65
What is the value of (40 - -7) + (205 - 235) - (1 - 2 - -1)?
17
(-33 - -3) + (13 - (10 - (-30 + 10)))
-47
What is the value of -32 + 12 + -13 + 40 + -9?
-2
What is -182 + (133 - 119) + 48?
-120
Calculate (-3 + 3 - 2 - 23) + (-1848 - -1845).
-28
(4 - 7) + -48 - (-108 + 123) - (1 + -10)
-57
Evaluate 93 + -86 + 5 + -91.
-79
What is the value of -11 + -12 + 7 - (-58 - -39)?
3
What is 6 + -10 + 2 + 8 + 7 - 9?
4
Evaluate 0 + 14 + (-4 - -2) + (-1594 - -1599).
17
What is the value of 1 + (38 + (16 - -3 - (6 - -4)) - 4)?
44
61139 + -61232 + 32 + 0 + 0
-61
What is the value of -23 + (-43 - -108 - 16)?
26
Evaluate (76 - (-41 - -70)) + (0 - 9).
38
What is -6 + 3 + -1 + -211 + 180 + 24 + 2?
-9
Calculate (28 - 7) + 5 - (79 - 8).
-45
Calculate -1 - 0 - ((44 - (17 - 29)) + -27).
-30
-46 - (-126 - (-10 - 53))
17
What is 0 + -1 + (-5 + 28 - 11 - 5) - -89?
95
What is -139 - (16 + 9 + -67 + 7)?
-104
What is the value of (-22 - -10) + (-1 - -6) + (15 - (-19 - -7))?
20
-5 + -42 + 47 + (-10 - 26)
-36
Calculate 0 - (1 - 1) - ((11 - (36 + -31)) + 31).
-37
-2 + -13 - (21 + -18 - -4)
-22
Evaluate 7 + 2 + -27 + 13 + 34.
29
What is the value of -6 + -18 + (-3 - 55)?
-82
-7 - (-35 + 15) - 5 - ((-2 - -2) + 6)
2
What is the value of 29 + 40 + -37 - 46?
-14
What is the value of 32 + (2 - -11) - (-43 - -54)?
34
(-11 - 1 - (-126 + 109)) + -1 - (-34 + 3)
35
Calculate 109 + -1 + 1 - (-22 - (-28 + (-54 - -57))).
106
Calculate (3 + -1 - (-104 + 96)) + -11.
-1
(0 + 0 - (-274 + 285)) + 31
20
Evaluate 23 + 0 + 642 + -619.
46
What is (30 - (-14 + 20)) + -10 + -30 + 38?
22
What is the value of -17 - (-2 + 10 + (-271 - -273))?
-27
Evaluate (47 - -10) + (-49 + 13 - -42).
63
What is the value of -1 + -7 - 11 - (-25 + -12 + 30)?
-12
-74 + 27 + 35 - -52
40
Calculate (-131 + 43 - (8 + -8)) + 24.
-64
Evaluate -34 - 5 - (160 - 186).
-13
Evaluate 55 + (13 - (-9 + 12 - -13 - -6)).
46
(-18 + 26 - 22) + (1 - 9)
-22
-172 + 185 + (0 + -1 - 8) - 10
-6
-12965 + 12991 - (0 + 1 - (1 - -1))
27
Calculate (620 - 570) + (-53 - -1).
-2
What is the value of (0 - 19) + (-2517 - -2609)?
73
-56 - (8 + -1 - ((6 + 15 - -13) + -19))
-48
What is -12 - (8 + (8 - 20)) - (-10 - (-49 + -10))?
-57
What is the value of -116 + (-11 - 1 - -31 - 2) - -3?
-96
Calculate (-30 - (10 + -21)) + (-17 - 18).
-54
Evaluate (-7 - (-1 + 3)) + 6 + 9 - -15.
21
63 + 1 - (8924 - 8880)
20
What is -19 + -22 - (2 - (-5 + 19)) - -12?
-17
What is 24 + (7 - (-16 + 2 - -5))?
40
What is -55 + (43 - -56) + -54 + (0 - 0)?
-10
Calculate -39 + 51 - 7 - (2 - (10 + 4)).
17
What is the value of (61 - (100 - 55)) + -55?
-39
-6 - 1 - 38 - (21 - (6 + 2))
-58
-56 + (7 - 16 - -15 - -8)
-42
23 + -15 - (-7 + -11) - 60
-34
Calculate -22 - (-12 + (-11 - (2 + -66))).
-63
Evaluate 20 + (39 - 128) + (25 - 2).
-46
What is the value of 71 - (127 + 20) - 39?
-115
Calculate (0 - -43 - 1) + -443 + 421.
20
What is the value of (-9 - (0 - 17)) + (-84 + 76 - (1 - 13))?
12
262 + -262 + (1 - 0) + (7 - 7) + 4
5
13 + 35 + (184 - 180)
52
What is -24 - -2 - ((-69 - (-35 - 21)) + (0 - -27))?
-36
-72 + 117 + (11 - 41) + -109
-94
(4 - 56) + 71 + 24
43
36 + (49 - 99) - 30
-44
Calculate 20 + (1 - 166) + -33 + 34 + 5.
-139
72 - -4 - (123 + -2)
-45
What is -406 - -318 - (-45 + 2)?
-45
Calculate 14 - -5 - 7 - 23 - -51.
40
Calculate (15 - (1 - -7) - 4 - 8) + -45.
-50
Calculate (0 - 3) + -15 - (-429 + 431).
-20
Evaluate -5 - 21 - (-8 - -19 - (16 + 6)) - 2.
-17
What is the value of (12 - 10 - -15) + 11 - -26?
54
What is (0 - 0) + 93 + (4 - 7) + (-12645 - -12646)?
91
-13 + -1 - (-29 + (12 - 42) + 50) - 20
-25
(-9 - (-1 - 27)) + -9 + -85 + 7
-68
Evaluate (495 - 469) + -2 + -1 - 11.
12
-94 + 10 + 33 - (-2 + 0 + -10)
-39
What is (31 - -2) + 16 - (20 - 2)?
31
2 + (-67 - -3) - ((-3 - -1) + 13 + -6)
-67
Evaluate (-224 + -10 - -142) + (32 - 0).
-60
What is 17 + -29 + -37 + 19 + -4?
-34
Evaluate -115 - (116 + -151) - -65.
-15
Evaluate 72 + (-29 - -74 - 80).
37
Evaluate 87 + -221 + (65 - -9).
-60
Evaluate -66 + (14 - (11 + -14)) + 3.
-46
Calculate (-7 - (14 + (-23 - -10))) + (10 - 76 - -2).
-72
Calculate (-1 - -67) + 82 + (161 - 234).
75
Evaluate (11 + -1 - 2) + (37 - (22 - (22 + 8))).
53
What is the value of 14 + 0 + (121 - (277 - 126))?
-16
Calculate 6 + (12 - (-11 - 23)) + (-6 - 0) + 2.
48
What is -93 - (-2 + -108 - -24)?
-7
Calculate 42 - -2 - (-20 + 63).
1
What is the value of -25 - 8 - ((-3 - 1) + -6 - (-74 - -64))?
-33
What is the value of (-3 + -19 + 37 - 19) + (-1 - -3)?
-2
Calculate 22 + (-20 - (-14 + 34 - -8)).
-26
Evaluate 16 + (-40 + -1 - (0 - -9 - 8)).
-26
Evaluate 44 + (14 - 15 - 5) + -18.
20
What is the value of -8 - 55 - (28 - 63)?
-28
What is -58 - (1 + -3) - (1856 - 1842) - -12?
-58
What is 92 - (149 + -256 - -85)?
114
What is -4 - (3 + -1 + (0 - 46) + (-120 - -108))?
52
What is 12 + (-68 - -46) + -53 + 3?
-60
Evaluate 28 + -24 - ((17 - 5) + -16 + -11).
19
Calculate 4 + (8 + -3 - 13) + 67 + 18.
81
What is -65 - (-50 + 106 + -62)?
-59
What is the value of -2 + -1 - (98 - (-112 + 281))?
68
41 - ((-62 - -132) + -20)
-9
What is the value of 43 - ((-687 - -676) + 30 + 2)?
22
Calculate (40 - 19) + -27 - 86.
-92
Calculate 14 + (-31 - (-36 + 13) - (2 - -2)).
2
What is the value of -2 + 14 + -2 - ((13 - -4 - 13) + 4)?
2
What is the value of 3 - (26 + (-2 - (1 + -11 - (24 - 33))))?
-22
Calculate -1 - 0 - 35 - (268 - (10 + 256)).
-38
Calculate (-95 + 112 - 2 - (36 + 0)) + 111.
90
-22 - -18 - (0 - -11) - -43
28
What is (5 - 5 - 3